 518 and 602?
14
Calculate the greatest common factor of 246323 and 4312.
539
Calculate the greatest common factor of 245 and 161140.
35
Calculate the highest common factor of 765 and 4641.
51
Calculate the greatest common divisor of 1818 and 738.
18
Calculate the highest common factor of 16245 and 5795.
95
What is the greatest common factor of 135 and 424035?
135
Calculate the highest common factor of 569969 and 188.
47
Calculate the highest common divisor of 609 and 109533.
87
What is the greatest common factor of 34748 and 2628?
292
What is the greatest common factor of 527 and 368528?
31
What is the greatest common divisor of 14 and 781802?
14
Calculate the greatest common divisor of 775 and 38347.
31
Calculate the highest common divisor of 189 and 16730.
7
What is the highest common factor of 28448 and 24?
8
What is the greatest common factor of 216073 and 44?
11
Calculate the greatest common divisor of 9712 and 32.
16
Calculate the greatest common divisor of 264857 and 29.
29
What is the greatest common divisor of 2165 and 108683?
433
What is the highest common divisor of 2 and 591554?
2
What is the greatest common factor of 3799 and 10611?
131
What is the highest common factor of 147 and 94080?
147
What is the highest common factor of 3154 and 1102?
38
What is the highest common divisor of 66 and 2817?
3
Calculate the greatest common divisor of 2144 and 11189.
67
Calculate the greatest common factor of 56 and 792862.
14
What is the greatest common factor of 5260 and 5548?
4
Calculate the highest common factor of 129 and 183696.
129
What is the greatest common factor of 10709 and 19?
1
What is the highest common factor of 105110 and 80?
10
Calculate the greatest common factor of 136 and 3604.
68
Calculate the greatest common divisor of 410 and 1807690.
410
Calculate the highest common factor of 2314 and 130.
26
Calculate the highest common divisor of 4480 and 7552.
128
Calculate the highest common divisor of 45 and 38385.
45
What is the highest common divisor of 1017572 and 71?
71
What is the highest common factor of 486848 and 448?
64
Calculate the greatest common divisor of 1080 and 1618920.
1080
What is the greatest common factor of 51 and 20109?
3
Calculate the greatest common factor of 38 and 137009.
19
What is the greatest common factor of 115 and 727375?
115
Calculate the highest common factor of 69 and 79028.
23
What is the highest common divisor of 100 and 20290?
10
Calculate the highest common divisor of 55716 and 26.
2
Calculate the greatest common divisor of 46360 and 3965.
305
Calculate the greatest common factor of 297515 and 1137.
379
What is the highest common divisor of 11172 and 551?
19
What is the greatest common divisor of 4695 and 195?
15
What is the highest common divisor of 14970 and 170?
10
Calculate the highest common factor of 10830 and 209.
19
Calculate the greatest common divisor of 28 and 605276.
28
Calculate the greatest common divisor of 195 and 36231.
39
What is the highest common divisor of 284206 and 312?
26
Calculate the greatest common factor of 5589 and 134619.
69
What is the highest common divisor of 19275 and 14100?
75
Calculate the greatest common factor of 5537 and 4949287.
791
What is the greatest common factor of 39203 and 3184?
199
What is the greatest common divisor of 108 and 12492?
36
What is the greatest common factor of 276 and 97740?
12
Calculate the greatest common factor of 10373 and 4059.
451
What is the highest common divisor of 8160 and 6732?
204
What is the highest common divisor of 521675 and 22?
11
What is the highest common divisor of 20 and 1364470?
10
What is the greatest common factor of 90190 and 40?
10
Calculate the greatest common divisor of 517754 and 249.
83
What is the greatest common divisor of 13057 and 8921?
11
Calculate the greatest common divisor of 71640 and 11520.
360
Calculate the greatest common factor of 9452 and 587136.
556
Calculate the highest common divisor of 101457 and 1098.
9
Calculate the greatest common factor of 7588 and 1288.
28
Calculate the highest common divisor of 2613804 and 24.
12
Calculate the highest common divisor of 54 and 255330.
18
Calculate the highest common divisor of 58 and 58754.
58
Calculate the greatest common factor of 23628 and 55.
11
Calculate the greatest common divisor of 21 and 144753.
21
Calculate the greatest common divisor of 7994 and 266.
14
What is the highest common factor of 252916 and 2120?
212
What is the highest common divisor of 45305 and 25092?
697
What is the highest common factor of 2662 and 4818?
22
What is the greatest common divisor of 105 and 102060?
105
Calculate the highest common factor of 11328 and 590.
118
Calculate the greatest common divisor of 2835 and 103815.
135
Calculate the highest common divisor of 144 and 6363.
9
Calculate the greatest common divisor of 6620 and 680.
20
What is the greatest common factor of 20 and 49375?
5
Calculate the highest common factor of 2625 and 21.
21
Calculate the highest common factor of 556469 and 241.
241
What is the highest common factor of 632835 and 3045?
105
Calculate the highest common factor of 999 and 22385.
37
Calculate the greatest common divisor of 30 and 71895.
15
Calculate the greatest common divisor of 66 and 14946.
6
What is the highest common factor of 4 and 1582?
2
What is the highest common divisor of 63393 and 99?
33
What is the highest common factor of 80 and 24870?
10
What is the greatest common divisor of 313 and 2306497?
313
What is the greatest common divisor of 69720 and 41583?
249
What is the highest common divisor of 640572 and 168?
12
Calculate the highest common factor of 961485 and 140.
35
What is the greatest common divisor of 24 and 869916?
12
What is the greatest common factor of 1119763 and 172?
43
Calculate the highest common divisor of 40252 and 1276.
116
Calculate the highest common divisor of 60774 and 6034.
14
Calculate the highest common factor of 454365 and 439.
439
What is the greatest common divisor of 1863 and 690?
69
Calculate the greatest common divisor of 72 and 349686.
18
Calculate the highest common factor of 6 and 382566.
6
What is the greatest common factor of 9854 and 23686?
26
Calculate the greatest common factor of 3741 and 58.
29
Calculate the highest common divisor of 27 and 34089.
3
What is the greatest common factor of 1532 and 383?
383
What is the greatest common factor of 5516 and 98?
14
What is the greatest common factor of 140 and 220060?
20
Calculate the greatest common divisor of 186 and 372434.
62
Calculate the highest common divisor of 29692 and 208.
52
Calculate the greatest common factor of 297861 and 688.
43
Calculate the highest common factor of 1408 and 814.
22
Calculate the highest common divisor of 13220 and 50.
10
Calculate the greatest common divisor of 2625 and 3525.
75
Calculate the greatest common factor of 72873 and 36.
9
What is the greatest common factor of 56 and 14252?
28
What is the highest common factor of 136789 and 148?
37
Calculate the highest common divisor of 77825 and 4125.
275
What is the highest common divisor of 2831 and 1501?
19
What is the greatest common factor of 18050 and 800?
50
What is the greatest common factor of 404802 and 344?
86
What is the greatest common divisor of 231 and 3542231?
77
What is the greatest common divisor of 14 and 44233?
7
Calculate the highest common factor of 663 and 306.
51
What is the highest common divisor of 271263 and 228?
57
What is the greatest common factor of 416985 and 165?
15
Calculate the greatest common divisor of 482 and 8808791.
241
Calculate the highest common factor of 1620 and 12204.
108
Calculate the greatest common divisor of 5487 and 12.
3
Calculate the highest common factor of 6056974 and 11.
11
What is the greatest common factor of 21257 and 145?
29
What is the highest common divisor of 270 and 23090?
10
What is the highest common divisor of 3626 and 2997?
37
What is the greatest common divisor of 6000 and 5370?
30
Calculate the highest common divisor of 35 and 779086.
7
Calculate the highest common factor of 40934 and 970.
194
Calculate the greatest common factor of 803 and 1825.
73
What is the highest common divisor of 5628 and 1205799?
1407
What is the greatest common divisor of 6750 and 864?
54
What is the grea